0122200210201
In base 4, what is 211330 + 132130?
1010120
In base 4, what is 101102 - 2210312?
-2103210
In base 15, what is 1 - -1544da?
1544db
In base 16, what is 247771 + a?
24777b
In base 16, what is 13 - 1954a?
-19537
In base 4, what is -200233231 - -2120123?
-132113102
In base 5, what is -110 - -10024003?
10023343
In base 10, what is 3 - 3515947?
-3515944
In base 3, what is 21000201221110 - 1?
21000201221102
In base 4, what is 332221 - -232111?
1230332
In base 12, what is 1 - -1108a62?
1108a63
In base 11, what is -15 - 5755747?
-5755761
In base 12, what is -372140a + 3?
-3721407
In base 3, what is -2 - 1000201000211?
-1000201000220
In base 2, what is -10 - -10000010001101001111111000?
10000010001101001111110110
In base 14, what is 4473 + -287?
41ca
In base 14, what is 4 - -91b80ac?
91b80b2
In base 3, what is 1212011 - 2001111211?
-1222122200
In base 12, what is 5 + 148a86a?
148a873
In base 12, what is -74502 - -61?
-74461
In base 2, what is 10110101001 + 10100111110010?
10111110011011
In base 3, what is 211122 - 1012002220202?
-1012002002010
In base 3, what is -22122221 + -2200000?
-102022221
In base 11, what is -5 + 19339460?
19339456
In base 14, what is 16 - 111bc?
-111a6
In base 6, what is 0 + -50345215?
-50345215
In base 12, what is 1327861 + 42?
13278a3
In base 9, what is -107 + 5682?
5574
In base 12, what is -4a58 - -56?
-4a02
In base 14, what is -9 - 1225ba3?
-1225bac
In base 2, what is 101011101101110111001110100 - 100?
101011101101110111001110000
In base 2, what is 100 - 111101011001101110111?
-111101011001101110011
In base 9, what is -260745 - -55?
-260680
In base 12, what is -3 - -64b3a7?
64b3a4
In base 11, what is a83 + 5479?
6451
In base 13, what is -4242c3 - 54?
-424347
In base 6, what is 21 + -35351423?
-35351402
In base 9, what is -5145 + -440?
-5585
In base 14, what is -74dc1 - -18?
-74da7
In base 16, what is 0 + 13c484a1?
13c484a1
In base 2, what is 100101 + 100000010101000110?
100000010101101011
In base 4, what is 1020300233 + 303?
1020301202
In base 7, what is 464 + 333236?
334033
In base 14, what is b646 + -37?
b60d
In base 11, what is -2 - -6aa663?
6aa661
In base 9, what is 1686 + 31036?
32733
In base 7, what is 34005 - -551?
34556
In base 9, what is -1586 + -1222351?
-1224047
In base 9, what is -21702 - 5360?
-27162
In base 8, what is 2 + -70210307?
-70210305
In base 2, what is -10011011100001110 - -100101111100010?
-1110101100101100
In base 8, what is -2642 - -300?
-2342
In base 14, what is 4 - 10a352?
-10a34c
In base 15, what is -5107 + -6?
-510d
In base 9, what is -11 + 23184804?
23184783
In base 16, what is 3 - 666ba00?
-666b9fd
In base 8, what is -12747674 - -11?
-12747663
In base 6, what is -114 + -411132?
-411250
In base 10, what is 287058 - -1037?
288095
In base 13, what is 15 - -4226849?
4226861
In base 9, what is 4 + 30815880?
30815884
In base 14, what is 9 + -280d1c4?
-280d1b9
In base 4, what is 2321 - 213223131?
-213220210
In base 13, what is 5 - 1bb62c00?
-1bb62bc8
In base 14, what is -3 - -1896b4?
1896b1
In base 15, what is -34b + -4e37?
-5283
In base 9, what is -586 + -23505?
-24202
In base 2, what is 111000011 + 10001111000100100?
10001111111100111
In base 14, what is 146968 - -85?
146a0d
In base 10, what is 2633491 - 15?
2633476
In base 9, what is -401 - -120504?
120103
In base 4, what is -10003 - 23322112312?
-23322122321
In base 8, what is -42 - 10465163?
-10465225
In base 11, what is -5164 - 10250?
-15404
In base 16, what is -3 - 356f040?
-356f043
In base 9, what is 2182813 - -6?
2182820
In base 9, what is 544 + -3247657?
-3247113
In base 8, what is -1755417663 - -5?
-1755417656
In base 9, what is 232 - -383070?
383312
In base 5, what is 1004432 + -11441?
442441
In base 9, what is 157175787 - 3?
157175784
In base 10, what is -41 - -9680132?
9680091
In base 14, what is 3 + ac7096?
ac7099
In base 8, what is -2 - 100646310?
-100646312
In base 15, what is -4a0 + 129ba?
1251a
In base 15, what is d57506 + -2?
d57504
In base 9, what is 10588858 - 0?
10588858
In base 16, what is 10438d9 + 5?
10438de
In base 13, what is 158b754 - -4?
158b758
In base 9, what is -362 - 5466?
-5838
In base 6, what is -2453301 - 11?
-2453312
In base 6, what is -3 + 44134002?
44133555
In base 4, what is 211120221103 + 12?
211120221121
In base 6, what is 21415 + -32352?
-10533
In base 12, what is -1 - a10553?
-a10554
In base 16, what is 257ae7f7 + 3?
257ae7fa
In base 5, what is -433 - 4220120?
-4221103
In base 14, what is 3819d + -7bd?
377c0
In base 6, what is -224311 - 203434?
-432145
In base 13, what is 1 - -9bbb8c0?
9bbb8c1
In base 4, what is 3111210022 + -20?
3111210002
In base 16, what is -119 + 6bd2?
6ab9
In base 11, what is -261 + 16385a?
1635a9
In base 6, what is -41354 - 23245?
-105043
In base 16, what is 1 - 166c811?
-166c810
In base 12, what is -1 - 71b7291?
-71b7292
In base 15, what is 7c69 + 8c1?
863a
In base 4, what is -23 - -33233222021?
33233221332
In base 13, what is -32 - -64b20?
64abb
In base 5, what is 4003 + -13413?
-4410
In base 3, what is -111212 + -21122011020?
-21122200002
In base 12, what is -65b8a09a - 1?
-65b8a09b
In base 7, what is -225 + -242535?
-243063
In base 15, what is 44 - -5a9c5a?
5a9c9e
In base 6, what is -342505 + 2543?
-335522
In base 10, what is -196530 + -895?
-197425
In base 8, what is -2722 + 13255?
10333
In base 10, what is -1 - 319539909?
-319539910
In base 13, what is -2a3119 - -41?
-2a30a8
In base 10, what is -49013 - 880?
-49893
In base 14, what is -15644a6 - -4?
-15644a2
In base 5, what is -1 - 1122313102?
-1122313103
In base 11, what is -496a89 - 9?
-496a97
In base 11, what is 90645 + -1299?
8a357
In base 7, what is 6 - 46165?
-46156
In base 3, what is -2211220210 - -1221001?
-2202222202
In base 16, what is -9381b + -161?
-9397c
In base 9, what is 82 - -676633?
676725
In base 4, what is 20210323 + -1230?
20203033
In base 6, what is 3155232 - -1030?
3200302
In base 2, what is 1111100000 + -101000110101011?
-100110111001011
In base 16, what is 3a1e01e - 5?
3a1e019
In base 7, what is 15164654 + -433?
15164221
In base 2, what is -100101100000100 - -100011110001011?
-1101111001
In base 5, what is 134 - -22103324?
22104013
In base 13, what is 22597 - 6236?
19361
In base 3, what is -2000 + 10012201200?
10012122200
In base 13, what is 27947541 - -2?
27947543
In base 12, what is 289 + -2844?
-2577
In base 14, what is -322 + 43c5?
40a3
In base 5, what is 1410223234 + -10?
1410223224
In base 5, what is 101203223102 + 11?
101203223113
In base 5, what is -304040331230 + -10?
-304040331240
In base 14, what is -14736 + -65?
-1479b
In base 13, what is 1636426 - -1?
1636427
In base 9, what is -105334824 - 6?
-105334831
In base 3, what is 2012220200222 - -21110?
2012220222102
In base 4, what is -1202 + -3133221033?
-3133222301
In base 3, what is -10211001021002 + -1220?
-10211001022222
In base 4, what is -21121232 - -2200?
-21113032
In base 6, what is -11 + 154202131?
154202120
In base 12, what is -389964 - -3?
-389961
In base 2, what is -10001001001100010 - 11100001111?
-10001100101110001
In base 14, what is -1162b4 + -447?
-11671b
In base 2, what is -100111101000 + 1000011010010101?
111110010101101
In base 6, what is 353125 + -121?
353004
In base 12, what is -12 - 4820?
-4832
In base 10, what is 56649 + -9?
56640
In base 13, what is -3 + 117a63c?
117a639
In base 5, what is 132 + -3321303031?
-3321302344
In base 10, what is -1036 - -18410?
17374
In base 15, what is cd - 2375a?
-2367c
In base 15, what is -15d003 + -b?
-15d00e
In base 13, what is 1cb1c4 + -65?
1cb15c
In base 15, what is 5 + 338b6d?
338b73
In base 2, what is -1100100000101110110 - -110111?
-1100100000100111111
In base 11, what is -42443019 - 4?
-42443022
In base 12, what is 48 + -196a03?
-196977
In base 6, what is -1301054 + 2343?
-1254311
In base 5, what is -1232300110 + 131?
-1232244424
In base 2, what is -10111 - -11011101000000?
11011100101001
In base 13, what is -2a452 - 452?
-2a8a4
In base 9, what is -68683 + -5765?
-75558
In base 6, what is 352423203200 + 4?
352423203204
In base 6, what is 1053 + -2102210?
-2101113
In base 13, what is -404c43 - -10?
-404c33
In base 5, what is -3 + 12013031414?
12013031411
In base 2, what is 1011011010 - -11101111010010101?
11110000101101111
In base 14, what is -212 + -18155?
-18367
In 